{"id":96,"date":"2018-05-29T05:14:47","date_gmt":"2018-05-29T05:14:47","guid":{"rendered":"http:\/\/www.lexxel.es\/?page_id=96"},"modified":"2018-06-02T11:31:57","modified_gmt":"2018-06-02T11:31:57","slug":"politicadeprivacidad","status":"publish","type":"page","link":"http:\/\/www.lexxel.es\/index.php\/politicadeprivacidad\/","title":{"rendered":"Politica de Privacidad"},"content":{"rendered":"<p>[et_pb_section fb_built=\u00bb1&#8243; _builder_version=\u00bb3.5.1&#8243;][et_pb_row _builder_version=\u00bb3.5.1&#8243;][et_pb_column type=\u00bb4_4&#8243; _builder_version=\u00bb3.5.1&#8243; parallax=\u00bboff\u00bb parallax_method=\u00bbon\u00bb][et_pb_text _builder_version=\u00bb3.5.1&#8243;]<\/p>\n<div class=\"entry-content\">\n<h3>POL\u00cdTICA DE PRIVACIDAD<\/h3>\n<p>Siguiendo los principios de licitud, lealtad y transparencia, ponemos a su disposici\u00f3n la presente Pol\u00edtica de Privacidad.<\/p>\n<p>\u00bfQui\u00e9n es el Responsable del tratamiento de sus datos?<\/p>\n<p>LEXXEL SERVICIOS EMPRESARIALES S.L.<\/p>\n<p>CIF: B82332545<\/p>\n<p>DOMICILIO SOCIAL: DIEGO DE LE\u00d3N 59, 2\u00ba C, 28006, MADRID<\/p>\n<p>Email: <a href=\"mailto:email@email.com\">asesoria@lexxel.es<\/a><\/p>\n<p>Tel\u00e9fono: 917990341<\/p>\n<p>Datos del DPO:<\/p>\n<p>GRUPO ADAPTALIA \u2013 LEGAL FORMATIVO S.L.<\/p>\n<p>Tlf\u00a0 +34 91 553 34 08\u00a0<a href=\"mailto:legal@grupoadaptalia.es\">legal@grupoadaptalia.es\u00a0\u00a0<\/a><\/p>\n<p>\u00bfCon qu\u00e9 finalidad tratamos sus datos personales?<\/p>\n<p>En LEXXEL SERVICIOS EMPRESARIALES S.L. tratamos la informaci\u00f3n que nos facilita con la finalidad de gestionar la relaci\u00f3n contractual que nos une, gestionar el env\u00edo de la informaci\u00f3n que nos solicita, facilitar a los interesados ofertas de nuestros servicios y\/o productos de su inter\u00e9s y\/o gestionar su candidatura.<\/p>\n<p>\u00bfPor cu\u00e1nto tiempo conservaremos sus datos personales?<\/p>\n<p>Sus datos, ser\u00e1n conservados el tiempo m\u00ednimo necesario para la correcta prestaci\u00f3n del servicio ofrecido as\u00ed como para atender las responsabilidades que se pudieran derivar del mismo y de cualquier otra exigencia legal.<\/p>\n<p>\u00bfCu\u00e1l es la legitimaci\u00f3n para el tratamiento de sus datos?<\/p>\n<p>La base legal para el tratamiento de sus datos personales puede ser la ejecuci\u00f3n de una relaci\u00f3n contractual potencial y\/o suscrita, el inter\u00e9s leg\u00edtimo, la habilitaci\u00f3n legal y\/o el consentimiento del propio interesado. Los datos que le solicitamos son adecuados, pertinentes y estrictamente necesarios y en ning\u00fan caso est\u00e1 obligado a facilit\u00e1rnoslos, pero su no comunicaci\u00f3n podr\u00e1 afectar a la finalidad del servicio o la imposibilidad de prestarlo.<\/p>\n<p>\u00bfA qu\u00e9 destinatarios se comunicar\u00e1n sus datos?<\/p>\n<p>LEXXEL SERVICIOS EMPRESARIALES S.L. no comunicar\u00e1 sus datos a ning\u00fan tercero, salvo que se informe de ello expresamente.<\/p>\n<p>\u00bfCu\u00e1les son sus derechos cuando nos facilita sus datos?<\/p>\n<p>Los derechos de protecci\u00f3n de datos de los que son titulares los interesados son:<\/p>\n<ul>\n<li>Derecho a solicitar el acceso a los datos personales relativos al interesado<\/li>\n<li>Derecho de rectificaci\u00f3n o supresi\u00f3n<\/li>\n<li>Derecho de oposici\u00f3n<\/li>\n<li>Derecho a solicitar la limitaci\u00f3n de su tratamiento<\/li>\n<li>Derecho a la portabilidad de los datos<\/li>\n<\/ul>\n<p>Los titulares de los datos personales obtenidos, podr\u00e1n ejercer sus derechos de protecci\u00f3n de datos personales dirigiendo una comunicaci\u00f3n por escrito al domicilio social de LEXXEL SERVICIOS EMPRESARIALES S.L. o al correo electr\u00f3nico habilitado a tal efecto, <a href=\"mailto:email@email.com\">asesoria@lexxel.es<\/a>, incluyendo en ambos casos fotocopia de su DNI u otro documento de identificaci\u00f3n equivalente.<\/p>\n<p>Modelos, formularios y m\u00e1s informaci\u00f3n disponible sobre sus derechos en la p\u00e1gina web de la autoridad de control nacional, Agencia Espa\u00f1ola de Protecci\u00f3n de Datos, en adelante, AEPD, <a href=\"http:\/\/www.agpd.es\">www.agpd.es<\/a>.<\/p>\n<p>\u00bfPuedo retirar el consentimiento?<\/p>\n<p>Usted tiene la posibilidad y el derecho a retirar el consentimiento para cualquiera finalidad espec\u00edfica otorgada en su momento, sin que ello afecte a la licitud del tratamiento basado en el consentimiento previo a su retirada.<\/p>\n<p>\u00bfD\u00f3nde puedo reclamar en caso de que considere que no se tratan mis datos correctamente?<\/p>\n<p>Si alg\u00fan interesado considera que sus datos no son tratados correctamente por LEXXEL SERVICIOS EMPRESARIALES S.L. puede dirigir sus reclamaciones al correo <a href=\"mailto:email@email.com\">asesoria@lexxel.es<\/a> o a la autoridad de protecci\u00f3n de datos que corresponda, siendo la AEPD la indicada en el territorio nacional, <a href=\"http:\/\/www.agpd.es\">www.agpd.es<\/a><\/p>\n<p>Seguridad y actualizaci\u00f3n de sus datos personales<\/p>\n<p>Con el objetivo de salvaguardar la seguridad de sus datos personales, le informamos que LEXXEL SERVICIOS EMPRESARIALES S.L. ha adoptado todas las medidas de \u00edndole t\u00e9cnica y organizativa necesarias para garantizar la seguridad de los datos personales suministrados. Todo ello para evitar su alteraci\u00f3n, p\u00e9rdida, y\/o tratamientos o accesos no autorizados, tal como exige la normativa, si bien la seguridad absoluta no existe.<\/p>\n<p>Es importante que, para que podamos mantener sus datos personales actualizados, nos informe siempre que se produzca una modificaci\u00f3n de los mismos.<\/p>\n<p>Confidencialidad<\/p>\n<p>LEXXEL SERVICIOS EMPRESARIALES S.L. le informa que sus datos ser\u00e1n tratados con el m\u00e1ximo celo y confidencialidad por todo el personal que intervenga en cualquiera de las fases del tratamiento. No cederemos ni comunicaremos a ning\u00fan tercero sus datos, excepto en los casos legalmente previstos, o salvo que el interesado nos hubiera autorizado expresamente.<\/p>\n<\/div>\n<p>[\/et_pb_text][\/et_pb_column][\/et_pb_row][\/et_pb_section]<\/p>\n","protected":false},"excerpt":{"rendered":"<p>[et_pb_section fb_built=\u00bb1&#8243; _builder_version=\u00bb3.5.1&#8243;][et_pb_row _builder_version=\u00bb3.5.1&#8243;][et_pb_column type=\u00bb4_4&#8243; _builder_version=\u00bb3.5.1&#8243; parallax=\u00bboff\u00bb parallax_method=\u00bbon\u00bb][et_pb_text _builder_version=\u00bb3.5.1&#8243;] POL\u00cdTICA DE PRIVACIDAD Siguiendo los principios de licitud, lealtad y transparencia, ponemos a su disposici\u00f3n la presente Pol\u00edtica de Privacidad. \u00bfQui\u00e9n es el Responsable del tratamiento de sus datos? LEXXEL SERVICIOS EMPRESARIALES S.L. CIF: B82332545 DOMICILIO SOCIAL: DIEGO DE LE\u00d3N 59, 2\u00ba C, 28006, MADRID Email: [&hellip;]<\/p>\n","protected":false},"author":1,"featured_media":0,"parent":0,"menu_order":0,"comment_status":"closed","ping_status":"closed","template":"","meta":{"_et_pb_use_builder":"on","_et_pb_old_content":""},"yoast_head":"<!-- This site is optimized with the Yoast SEO plugin v19.12 - https:\/\/yoast.com\/wordpress\/plugins\/seo\/ -->\r\n<title>Politica de Privacidad | LEXXEL SERVICIOS EMPRESARIALES<\/title>\r\n<meta name=\"robots\" content=\"index, follow, max-snippet:-1, max-image-preview:large, max-video-preview:-1\" \/>\r\n<link rel=\"canonical\" href=\"http:\/\/www.lexxel.es\/index.php\/politicadeprivacidad\/\" \/>\r\n<meta property=\"og:locale\" content=\"es_ES\" \/>\r\n<meta property=\"og:type\" content=\"article\" \/>\r\n<meta property=\"og:title\" content=\"Politica de Privacidad | LEXXEL SERVICIOS EMPRESARIALES\" \/>\r\n<meta property=\"og:description\" content=\"[et_pb_section fb_built=\u00bb1&#8243; _builder_version=\u00bb3.5.1&#8243;][et_pb_row _builder_version=\u00bb3.5.1&#8243;][et_pb_column type=\u00bb4_4&#8243; _builder_version=\u00bb3.5.1&#8243; parallax=\u00bboff\u00bb parallax_method=\u00bbon\u00bb][et_pb_text _builder_version=\u00bb3.5.1&#8243;] POL\u00cdTICA DE PRIVACIDAD Siguiendo los principios de licitud, lealtad y transparencia, ponemos a su disposici\u00f3n la presente Pol\u00edtica de Privacidad. \u00bfQui\u00e9n es el Responsable del tratamiento de sus datos? LEXXEL SERVICIOS EMPRESARIALES S.L. CIF: B82332545 DOMICILIO SOCIAL: DIEGO DE LE\u00d3N 59, 2\u00ba C, 28006, MADRID Email: [&hellip;]\" \/>\r\n<meta property=\"og:url\" content=\"http:\/\/www.lexxel.es\/index.php\/politicadeprivacidad\/\" \/>\r\n<meta property=\"og:site_name\" content=\"LEXXEL SERVICIOS EMPRESARIALES\" \/>\r\n<meta property=\"article:modified_time\" content=\"2018-06-02T11:31:57+00:00\" \/>\r\n<meta name=\"twitter:card\" content=\"summary_large_image\" \/>\r\n<meta name=\"twitter:label1\" content=\"Tiempo de lectura\" \/>\n\t<meta name=\"twitter:data1\" content=\"4 minutos\" \/>\r\n<script type=\"application\/ld+json\" class=\"yoast-schema-graph\">{\"@context\":\"https:\/\/schema.org\",\"@graph\":[{\"@type\":\"WebPage\",\"@id\":\"http:\/\/www.lexxel.es\/index.php\/politicadeprivacidad\/\",\"url\":\"http:\/\/www.lexxel.es\/index.php\/politicadeprivacidad\/\",\"name\":\"Politica de Privacidad | LEXXEL SERVICIOS EMPRESARIALES\",\"isPartOf\":{\"@id\":\"http:\/\/www.lexxel.es\/#website\"},\"datePublished\":\"2018-05-29T05:14:47+00:00\",\"dateModified\":\"2018-06-02T11:31:57+00:00\",\"breadcrumb\":{\"@id\":\"http:\/\/www.lexxel.es\/index.php\/politicadeprivacidad\/#breadcrumb\"},\"inLanguage\":\"es\",\"potentialAction\":[{\"@type\":\"ReadAction\",\"target\":[\"http:\/\/www.lexxel.es\/index.php\/politicadeprivacidad\/\"]}]},{\"@type\":\"BreadcrumbList\",\"@id\":\"http:\/\/www.lexxel.es\/index.php\/politicadeprivacidad\/#breadcrumb\",\"itemListElement\":[{\"@type\":\"ListItem\",\"position\":1,\"name\":\"Portada\",\"item\":\"http:\/\/www.lexxel.es\/\"},{\"@type\":\"ListItem\",\"position\":2,\"name\":\"Politica de Privacidad\"}]},{\"@type\":\"WebSite\",\"@id\":\"http:\/\/www.lexxel.es\/#website\",\"url\":\"http:\/\/www.lexxel.es\/\",\"name\":\"LEXXEL SERVICIOS EMPRESARIALES\",\"description\":\"Lexxel Servicios Empresariales ofrece todos los servicios para la gesti\u00f3n de empresa. Desde lo m\u00e1s b\u00e1sico, como clasificar su documentaci\u00f3n, hasta la gesti\u00f3n de todas las obligaciones tributarias\",\"publisher\":{\"@id\":\"http:\/\/www.lexxel.es\/#organization\"},\"potentialAction\":[{\"@type\":\"SearchAction\",\"target\":{\"@type\":\"EntryPoint\",\"urlTemplate\":\"http:\/\/www.lexxel.es\/?s={search_term_string}\"},\"query-input\":\"required name=search_term_string\"}],\"inLanguage\":\"es\"},{\"@type\":\"Organization\",\"@id\":\"http:\/\/www.lexxel.es\/#organization\",\"name\":\"LEXXEL SERVICIOS EMPRESARIALES\",\"url\":\"http:\/\/www.lexxel.es\/\",\"logo\":{\"@type\":\"ImageObject\",\"inLanguage\":\"es\",\"@id\":\"http:\/\/www.lexxel.es\/#\/schema\/logo\/image\/\",\"url\":\"http:\/\/www.lexxel.es\/wp-content\/uploads\/2018\/05\/logo.png\",\"contentUrl\":\"http:\/\/www.lexxel.es\/wp-content\/uploads\/2018\/05\/logo.png\",\"width\":200,\"height\":200,\"caption\":\"LEXXEL SERVICIOS EMPRESARIALES\"},\"image\":{\"@id\":\"http:\/\/www.lexxel.es\/#\/schema\/logo\/image\/\"}}]}<\/script>\r\n<!-- \/ Yoast SEO plugin. -->","yoast_head_json":{"title":"Politica de Privacidad | LEXXEL SERVICIOS EMPRESARIALES","robots":{"index":"index","follow":"follow","max-snippet":"max-snippet:-1","max-image-preview":"max-image-preview:large","max-video-preview":"max-video-preview:-1"},"canonical":"http:\/\/www.lexxel.es\/index.php\/politicadeprivacidad\/","og_locale":"es_ES","og_type":"article","og_title":"Politica de Privacidad | LEXXEL SERVICIOS EMPRESARIALES","og_description":"[et_pb_section fb_built=\u00bb1&#8243; _builder_version=\u00bb3.5.1&#8243;][et_pb_row _builder_version=\u00bb3.5.1&#8243;][et_pb_column type=\u00bb4_4&#8243; _builder_version=\u00bb3.5.1&#8243; parallax=\u00bboff\u00bb parallax_method=\u00bbon\u00bb][et_pb_text _builder_version=\u00bb3.5.1&#8243;] POL\u00cdTICA DE PRIVACIDAD Siguiendo los principios de licitud, lealtad y transparencia, ponemos a su disposici\u00f3n la presente Pol\u00edtica de Privacidad. \u00bfQui\u00e9n es el Responsable del tratamiento de sus datos? LEXXEL SERVICIOS EMPRESARIALES S.L. CIF: B82332545 DOMICILIO SOCIAL: DIEGO DE LE\u00d3N 59, 2\u00ba C, 28006, MADRID Email: [&hellip;]","og_url":"http:\/\/www.lexxel.es\/index.php\/politicadeprivacidad\/","og_site_name":"LEXXEL SERVICIOS EMPRESARIALES","article_modified_time":"2018-06-02T11:31:57+00:00","twitter_card":"summary_large_image","twitter_misc":{"Tiempo de lectura":"4 minutos"},"schema":{"@context":"https:\/\/schema.org","@graph":[{"@type":"WebPage","@id":"http:\/\/www.lexxel.es\/index.php\/politicadeprivacidad\/","url":"http:\/\/www.lexxel.es\/index.php\/politicadeprivacidad\/","name":"Politica de Privacidad | LEXXEL SERVICIOS EMPRESARIALES","isPartOf":{"@id":"http:\/\/www.lexxel.es\/#website"},"datePublished":"2018-05-29T05:14:47+00:00","dateModified":"2018-06-02T11:31:57+00:00","breadcrumb":{"@id":"http:\/\/www.lexxel.es\/index.php\/politicadeprivacidad\/#breadcrumb"},"inLanguage":"es","potentialAction":[{"@type":"ReadAction","target":["http:\/\/www.lexxel.es\/index.php\/politicadeprivacidad\/"]}]},{"@type":"BreadcrumbList","@id":"http:\/\/www.lexxel.es\/index.php\/politicadeprivacidad\/#breadcrumb","itemListElement":[{"@type":"ListItem","position":1,"name":"Portada","item":"http:\/\/www.lexxel.es\/"},{"@type":"ListItem","position":2,"name":"Politica de Privacidad"}]},{"@type":"WebSite","@id":"http:\/\/www.lexxel.es\/#website","url":"http:\/\/www.lexxel.es\/","name":"LEXXEL SERVICIOS EMPRESARIALES","description":"Lexxel Servicios Empresariales ofrece todos los servicios para la gesti\u00f3n de empresa. Desde lo m\u00e1s b\u00e1sico, como clasificar su documentaci\u00f3n, hasta la gesti\u00f3n de todas las obligaciones tributarias","publisher":{"@id":"http:\/\/www.lexxel.es\/#organization"},"potentialAction":[{"@type":"SearchAction","target":{"@type":"EntryPoint","urlTemplate":"http:\/\/www.lexxel.es\/?s={search_term_string}"},"query-input":"required name=search_term_string"}],"inLanguage":"es"},{"@type":"Organization","@id":"http:\/\/www.lexxel.es\/#organization","name":"LEXXEL SERVICIOS EMPRESARIALES","url":"http:\/\/www.lexxel.es\/","logo":{"@type":"ImageObject","inLanguage":"es","@id":"http:\/\/www.lexxel.es\/#\/schema\/logo\/image\/","url":"http:\/\/www.lexxel.es\/wp-content\/uploads\/2018\/05\/logo.png","contentUrl":"http:\/\/www.lexxel.es\/wp-content\/uploads\/2018\/05\/logo.png","width":200,"height":200,"caption":"LEXXEL SERVICIOS EMPRESARIALES"},"image":{"@id":"http:\/\/www.lexxel.es\/#\/schema\/logo\/image\/"}}]}},"_links":{"self":[{"href":"http:\/\/www.lexxel.es\/index.php\/wp-json\/wp\/v2\/pages\/96"}],"collection":[{"href":"http:\/\/www.lexxel.es\/index.php\/wp-json\/wp\/v2\/pages"}],"about":[{"href":"http:\/\/www.lexxel.es\/index.php\/wp-json\/wp\/v2\/types\/page"}],"author":[{"embeddable":true,"href":"http:\/\/www.lexxel.es\/index.php\/wp-json\/wp\/v2\/users\/1"}],"replies":[{"embeddable":true,"href":"http:\/\/www.lexxel.es\/index.php\/wp-json\/wp\/v2\/comments?post=96"}],"version-history":[{"count":5,"href":"http:\/\/www.lexxel.es\/index.php\/wp-json\/wp\/v2\/pages\/96\/revisions"}],"predecessor-version":[{"id":206125,"href":"http:\/\/www.lexxel.es\/index.php\/wp-json\/wp\/v2\/pages\/96\/revisions\/206125"}],"wp:attachment":[{"href":"http:\/\/www.lexxel.es\/index.php\/wp-json\/wp\/v2\/media?parent=96"}],"curies":[{"name":"wp","href":"https:\/\/api.w.org\/{rel}","templated":true}]}}